nder when m is divided by r(2)?
18
Suppose -117*j = -110*j - 175. Let p(n) = n**3 + 16*n**2 + 1 + 6 - 43*n**2 + 55*n. What is the remainder when p(j) is divided by 34?
30
Let z = -153 + 209. Suppose 2*r = 4*r - 40. Calculate the remainder when (z/(-6))/(1/3*-1) is divided by r.
8
Let k(f) = -f**2 - 1. Let c(i) = -17*i**2 + 2*i + 5. Let n(u) = -c(u) + 2*k(u). What is the remainder when n(2) is divided by (13 - 0)/(2/2)?
10
Suppose 7*j = -13*j + 1140. What is the remainder when (1 + j/1)*(-5)/(-2) is divided by 37?
34
Let v = 153 + -143. Suppose -2*l + 4*z = v, -l + 3*z = -0*l + 10. Calculate the remainder when 7 is divided by l.
2
What is the remainder when 351 is divided by (4/5 - (1 - -1)) + (-252106)/(-2330)?
30
Suppose -4*y = -i + 138, -8*i + 9*i = -5*y + 183. Calculate the remainder when 636 is divided by i.
4
Let j(n) be the first derivative of -n**4/4 + 5*n**3 + 25*n**2/2 - 53*n - 26. Suppose -6*u + 66 = -78. What is the remainder when j(16) is divided by u?
19
Let a(k) = -2*k + 24. Let c be a(9). Suppose -c*w + 2*w - 3*n - 221 = 0, -w = n + 54. Let v = 71 + w. Calculate the remainder when 80 is divided by v.
8
Suppose 47*f + 1059 = 9093 + 7006. Calculate the remainder when f is divided by 159.
2
Let m(w) = 7*w**3 + 3*w - 3. Suppose 5*x = 2*r + 67, 4*x - r - 56 = 3*r. Suppose 0 = -x*b + 15*b - 2. Calculate the remainder when 95 is divided by m(b).
4
Let d(w) = w**3 + 37*w**2 + 37*w + 47. Let r(u) = u**2 - 2*u - 9. Let f be r(4). What is the remainder when 256/5 + f - 2/10 is divided by d(-36)?
6
What is the remainder when 12500 is divided by ((4864/(-112))/8)/(3 + 148/(-49))?
264
Let h(g) = 27*g**3 - 3*g**2 + 6. Let l be h(2). Suppose 7*m - l = -3*m. Calculate the remainder when (80/25 + -4)*-260 is divided by m.
19
Let l = -327 - 20. Let x = 393 + l. What is the remainder when 186 is divided by x?
2
Let q(d) = -2 + d + 10*d**2 + 13*d**2 + 6*d**3 + 16*d**2 - 37*d**2. Let c(y) = y - 2. Let a be c(3). Calculate the remainder when 19 is divided by q(a).
5
Let j = -1603 - -6590. What is the remainder when j is divided by 208?
203
Let b = 7054 - 7050. What is the remainder when 358 is divided by b?
2
Suppose -8*v + 114 + 269 = -281. Calculate the remainder when 95 is divided by v.
12
Suppose -5*m - 2463 = -3*p - 8*m, -3259 = -4*p + m. What is the remainder when 825 is divided by p?
9
Let o(d) = -d**3 - 3*d**2 + 9*d + 5. Let c be o(-6). Let n = c - 15. Let h = n + -30. Calculate the remainder when h is divided by 3.
2
Suppose -477 = 4*c - 633. Calculate the remainder when 205 is divided by c.
10
Suppose -c - 4*b = -82, 3*c - 202 = -3*b + 2*b. Suppose -762 = 403768*n - 403774*n. Calculate the remainder when n is divided by c.
61
Let u be 6/4 - (-5 + (-3)/(-2)). Let h(t) = -8 + 13*t + 3 - u - 3*t. What is the remainder when 58 is divided by h(4)?
28
Let o(g) = g**2 - 11*g - 35. Let n be o(14). Suppose 11*p - n*p - 44 = 0. Calculate the remainder when 54 is divided by p.
10
Suppose -2*l + 3*y = -17, -7 - 6 = -4*l - y. Suppose 2*a - 358 = -d - d, -l*d - a + 701 = 0. What is the remainder when d is divided by 44?
42
Let o(s) = 5*s + 18. Let i = -6 - -3. Let q be o(i). Let h(x) = 2*x**3 + x**2 + 5*x. What is the remainder when h(q) is divided by 20?
18
Let v = -490 - -529. Suppose -37*l - 5*j - 29 = -v*l, 4*l = -5*j + 43. What is the remainder when (-46 + -2 + 1)*-1 is divided by l?
11
Let h(a) = -367*a + 1927. Calculate the remainder when 735 is divided by h(5).
91
Let u be (6*4/(-4) - -3) + 6. Suppose u*b - 5*n = -2*b + 10, -4*b - 4*n + 48 = 0. What is the remainder when b is divided by 6?
1
Let c = 3830 + -3818. Calculate the remainder when 432 is divided by c.
0
Let n(j) = 9*j**2 + 148*j + 87. What is the remainder when 5081 is divided by n(-16)?
21
Let d(y) = -y**2 + y - 10. Let b be d(0). What is the remainder when (-56)/(-72)*183 - 1/3 is divided by (-84)/b + (1 - (-6)/(-15))?
7
Let n(u) = u**2 + 19*u + 5. Let d be n(-16). Let k = d - -92. What is the remainder when 142 is divided by k?
44
Let b be (0 + 0)/(-2)*17/34. Suppose b = 9*c - 95 - 202. What is the remainder when 61 is divided by c?
28
Let j = -12 - -17. Suppose -n - 260 = -j*n. What is the remainder when n is divided by (50/(-35))/(1/(-14)) + 4?
17
Let k = -471 + 480. Suppose -1 = 4*n - b, 6 = 2*n + b - 1. Calculate the remainder when 5 + k - (-2 - n*-3) is divided by 9.
4
Let h(l) = 175*l**2 - 15*l - 14. Let m be h(-1). Suppose -m*t - 624 = -180*t. Calculate the remainder when t is divided by 79.
77
Suppose 29*h = 33*h - 68. Suppose -8*p = -h*p + 459. Calculate the remainder when 251 is divided by p.
47
Let t = -245 + 383. Suppose 0 = -3*a - 5*w + 209, -3*w + 1 = 2*a - t. What is the remainder when a is divided by (-2)/(-3) + (-58)/(-3)?
8
Suppose 0 = -57*o + 1211 + 1842 + 595. What is the remainder when 2108 is divided by o?
60
Let b = -51 - 10. What is the remainder when b/(-3) - (7 - (-207)/(-27)) is divided by 4?
1
Let d = -45 - -63. What is the remainder when 120 is divided by ((-30)/d)/((-30)/378)?
15
Suppose 2 = a + 4*z, -4*a - 3*z + 92 = 19. Let b = -738773 - -738970. Calculate the remainder when b is divided by a.
21
Calculate the remainder when 4323 is divided by (((-96)/(-40))/(-1))/(8/(-20)).
3
Let s(d) = 14*d**3 + 8*d**2 - 10*d - 11. Let j be s(-4). Let i = -725 - j. Calculate the remainder when 41 is divided by i.
13
What is the remainder when (14 + 6)/((-2)/(-19)) is divided by 64?
62
Let h = -569 + 816. Suppose 13 = 10*l - h. Calculate the remainder when 105 is divided by l.
1
Suppose 0 = -5*w - 20, -35*x - 4*w = -40*x + 146. What is the remainder when 768 is divided by x?
14
Let l = 36232 + -31306. What is the remainder when l is divided by 53?
50
Let y = -6 + 19. Calculate the remainder when (-117 - -46) + 36 + 136 is divided by y.
10
Let h(o) = -o**3 - 10*o**2 - 7*o + 2. Let c be h(-10). What is the remainder when (-48)/c - 35/(-3) is divided by 6?
5
Let n = 4059 - 3986. Let r = -18 - -29. Calculate the remainder when n is divided by r.
7
Suppose -118*d + 10063 = -79*d - 8462. What is the remainder when d is divided by 24?
19
Suppose 4*v - 3451 = -10*k + 13*k, -8*k = v - 819. Calculate the remainder when v is divided by 43.
42
Suppose -4*b + 448 = 5*q, -357*b + 360*b - 5*q = 301. What is the remainder when 217 is divided by b?
3
Let z(y) = -38*y + 793. What is the remainder when 822 is divided by z(20)?
30
Let i(d) = -2*d**3 + 64*d**2 - 61*d + 105. Calculate the remainder when 1492 is divided by i(31).
132
Suppose -278 + 53 = -5*v. Suppose -v = a - 2*a. Suppose -112*h + 128*h - 368 = 0. What is the remainder when a is divided by h?
22
Suppose -1778*c = -1775*c - 111. Calculate the remainder when c is divided by 28.
9
Calculate the remainder when 813 is divided by 2/1*((-7)/2 - -2) + 54.
48
Let j(m) = -m**3 + 3*m**2 - 22*m + 111. Let b be j(8). Calculate the remainder when (7/5)/(4 + 1529/b) is divided by 7.
0
Let o be 16 - (7 - 7)*2/(-2). Suppose 4*a - o*a - 204 = 0. What is the remainder when 118 is divided by (10/2)/(a/(-34))?
8
Suppose 318*r = 324*r - 24. Suppose 5*z - r*b = 114, z + 4*b - 146 = -4*z. What is the remainder when 127 is divided by z?
23
Let n(s) = 109*s - 1181. Calculate the remainder when n(15) is divided by 35.
34
Suppose -5*o + d = -0*d - 9, -4*o - 4*d + 12 = 0. Suppose -o*x = -x - 71. Suppose -189*r + 4455 = 1053. Calculate the remainder when x is divided by r.
17
Suppose 4*w = 5*w + 2*o - 1, 2*w = 5*o + 11. Suppose -w*a = a + 5*b - 124, 0 = -2*a + 2*b + 62. Calculate the remainder when a is divided by (-1)/3 + 50/6.
7
Let b = 122 - -4. Suppose -3*d + 2*j = 3*j - b, -3 = -j. What is the remainder when (9/(3 - 0))/(-4 + 218/54) is divided by d?
40
Let k be 70 + 21/14 + (-3)/(-2). Let r = -67 + k. What is the remainder when (-13)/(-3)*(3 + 0) is divided by r?
1
Let y(r) = -r**2 + 16*r + 3. Let g be y(16). Let k(j) = 6*j**2 + j + 8. What is the remainder when k(g) is divided by (14/8)/((-6)/(-48))?
9
Let a be 1/(428/280 - 3/2). Suppose 40*z = a*z, 3*z = -5*m + 900. Calculate the remainder when m is divided by 13.
11
Let d(p) be the third derivative of p**5/60 + 3*p**4/8 + 5*p**3/2 - 5*p**2. What is the remainder when 141 is divided by d(-11)?
30
Let w be (12 + 3)/((-2)/(-2)). Let v(z) be the second derivative of z**3/6 - 5*z**2 - 6*z - 2. 